-4 + (1 - -1). Let b be 3561/6 + 1/w. What is the highest common factor of b and k?
54
Let j = 3387 - 3339. What is the greatest common factor of 186 and j?
6
Let f(k) = 7*k**3 + 447*k**2 - 63*k + 83. Let w be f(-64). What is the highest common factor of 36480 and w?
19
Let u(r) = 66*r - 22. Let a be -2*(-1)/(-8)*-4. Let f be u(a). What is the greatest common factor of 330 and f?
22
Let n be 87 + 0 - (-11 + 9 - -6). Calculate the greatest common factor of 8881 and n.
83
Let m = 28 - 10. Suppose -2294 = -14*w + 982. Calculate the highest common factor of w and m.
18
Let t = -2499 + 2660. Calculate the greatest common divisor of 529 and t.
23
Let u be (-5 - 1)*10/(-6). Let g be u/(-15)*-1*9. Suppose 0 = -v + 4*h + 38, 4*v + 5*h - 261 = -88. What is the highest common divisor of v and g?
6
Suppose 0 = 2*z + 2*z - 56. Suppose -6*k = -z*k + 16. Suppose 2*x + k = 14. What is the greatest common divisor of 2 and x?
2
Let o be 45/2 - (135/10 + -15). What is the highest common factor of o and 1608?
24
Let u(a) = -a**3 - 23*a**2 - 179*a - 40. Let x be u(-17). What is the highest common factor of 81 and x?
27
Suppose -26*o = -3*r - 19*o + 6204, 0 = 2*r + 3*o - 4113. Calculate the greatest common divisor of r and 9.
9
Let h = -326 - -323. Let p be (-9 + 147/14)/(h/(-38)). Calculate the greatest common divisor of 95 and p.
19
Let r = 1397 - 224. Suppose -r - 139 = -32*z. What is the greatest common divisor of 287 and z?
41
Suppose -5*s - 4*i - 19 = 0, 0 = -2*i - 8 + 6. Let f(z) = -3*z**3 - 8*z**2 - 10*z + 3. Let p be f(s). Calculate the highest common divisor of 12 and p.
6
Suppose 2*w - 3*t - 472 = 0, 889 = 5*w + t - 325. Let s = 1 + 21. What is the highest common factor of w and s?
22
Suppose -x + y = -36, 4*x + 7*y = 2*y + 126. Let d = -288 - -441. What is the greatest common divisor of d and x?
17
Suppose 9104 = 11*d + 5*d. Let w = d + -433. Calculate the highest common divisor of 34 and w.
34
Suppose 0 = p + 27*b - 22*b - 2623, 13*b = -4*p + 10478. What is the highest common factor of 78 and p?
39
Let y(p) = -7*p - 10732*p**2 + 0*p + 5*p**3 - 4 + 10731*p**2 + 9*p**3. Let o be y(4). What is the greatest common divisor of 16 and o?
16
Let p(a) = -a**3 + 3*a**2 - 2*a + 8. Let y = -82 - -85. Let w be p(y). Suppose d - 4*j - 37 + w = 0, 5 = 5*j. Calculate the highest common divisor of d and 3.
3
Let d = -830 + 856. Let i = -20 + 4. Let r = d + i. Calculate the highest common divisor of r and 10.
10
Let c be (-105)/(-10)*(-1 + 7). Let h be (35*3/15)/(2/2). Let x be (-5 + 7 - 1)*h. What is the greatest common divisor of c and x?
7
Let g = 7062 + -7040. Calculate the greatest common factor of 1067 and g.
11
Let q be -354*-5*(-7)/(-70). Calculate the highest common factor of q and 5.
1
Let r(t) = -3*t**3 - 7*t**2 - 7. Let z be r(-3). Suppose -z*o - 2*o + 7462 = 0. Calculate the greatest common divisor of o and 28.
14
Let o = -29 + 34. Suppose o*k - 320 = k. Let m be -4*(2/5 - 532/k). What is the highest common factor of m and 100?
25
Suppose 99*p - 97*p = -80. Let i(v) = 119*v**3 - v**2 + v + 1. Let q be i(-1). Let u = p - q. What is the greatest common divisor of u and 32?
16
Let i(g) = g + 29. Let z(p) = -3*p + 17. Let a be z(2). Suppose 75*l = 76*l + a. Let h be i(l). Calculate the greatest common divisor of 6 and h.
6
Let d(q) = 80*q**2 + 2713*q + 44. Let o be d(-34). What is the highest common divisor of o and 27354?
282
Let p(k) = -k - 5. Let r be p(-4). Let o be r/((2/1)/(-126)). Suppose -5*l + 3*y = -120, -2*l + 65 = -4*y + 3. Calculate the highest common factor of o and l.
21
Suppose -14*k + 545 = 349. What is the greatest common divisor of k and 2954?
14
Suppose -4*y - 2*v = -166 - 862, -3*y + 773 = 2*v. What is the greatest common divisor of 120 and y?
15
Let q be (-4)/(273/(-1290) + 1/5). Let v = -801 - -844. Calculate the highest common factor of q and v.
43
Let l = 93 - 30. Let t = -18 - -9. Let c be (-3)/t - (-1)/3*125. Calculate the greatest common divisor of c and l.
21
Suppose 8449*n = 8479*n - 143640. Calculate the highest common divisor of n and 63.
63
Let g be (-448)/10 - (-15)/(-75). Let m = g + 48. Suppose -81 = -m*i + 459. What is the highest common factor of 20 and i?
20
Let k be 2765 - (-2 + 10 + 144/(-9)). What is the highest common divisor of 235 and k?
47
Let r(k) = -k**3 - 29*k**2 - 155*k - 17. Let f be r(-22). What is the greatest common factor of f and 1585?
5
Suppose 5*n - 5*f - 25 = 0, 8 = -5*n + f + 21. Let x be 4 - ((n - 8) + -564). Calculate the greatest common divisor of 14 and x.
14
Suppose -224*a - 3683394 = -536*a + 234*a. Calculate the highest common factor of 33 and a.
33
Let f = 4394 - 2853. What is the highest common divisor of 92 and f?
23
Let r = -3643 + 3720. What is the greatest common factor of r and 352?
11
Let f be (-2 + (-33)/15)/(183/(-305)). Calculate the greatest common factor of 3612 and f.
7
Let m be (58*(-3)/(-9))/((-5)/(-165)). Suppose -24*q + m = -13*q. Calculate the greatest common divisor of 29 and q.
29
Let c(p) = 4*p**2 + 73*p + 9. Let a(n) = n**3 - 8*n**2 + 9*n - 3. Let b be a(6). Let h be c(b). Calculate the greatest common factor of 30 and h.
30
Let x(k) = -20*k**3 + 8*k**2 + 12*k - 10. Let d be x(-3). Let a = 1350 - d. Calculate the highest common factor of a and 49.
49
Let n(t) = t**3 - 3*t**2 - 16*t + 60. Let o be n(3). What is the greatest common factor of o and 3732?
12
Let l = 16444 + -13276. Calculate the greatest common factor of l and 384.
96
Let u(x) = -x**3 + 71*x**2 + 561*x + 6. Let n be u(78). What is the highest common factor of 192 and n?
24
Let p be (-1 - -190) + -1 + 1. Let o be -4 - -3*(-9)/(27/(-11)). Calculate the greatest common divisor of o and p.
7
Suppose -269 = 4*z + 51. Let g be -3 - z/25 - (-102)/(-10). Let f(a) = a + 29. Let r be f(g). Calculate the highest common divisor of r and 152.
19
Suppose 0 = -5*u - 730 - 105. Let z = -152 - u. What is the greatest common divisor of z and 255?
15
Let y(h) = -h**2 - 6*h + 6. Let o be y(-5). Suppose -350 = -67*t + 72*t. Let q be 25 + t/(-5) + -6. What is the highest common divisor of q and o?
11
Let j = -507 + 80. Let d = -382 - j. What is the greatest common divisor of 195 and d?
15
Let p be -2 + -2*1 + 121. Let u = 131 - 128. Suppose g - 4*g - 5*j + 249 = 0, -u*g - 4*j + 246 = 0. What is the greatest common factor of g and p?
39
Let a(m) = 57*m + 859. Let v be a(-10). Let w(n) = -n**3 - 2*n**2 - 7*n - 13. Let u be w(-3). Calculate the highest common factor of u and v.
17
Let g = -135 + 145. Suppose -130 = -0*v - g*v. What is the greatest common divisor of v and 325?
13
Let b(k) = 10*k - 2. Let h be b(2). Let s = 1159 + -1159. Suppose s = -t, -4*t - 113 = -4*p + 67. Calculate the greatest common divisor of h and p.
9
Let c = 197 - 176. Suppose 0 = -37*m + 36*m + 133. What is the highest common divisor of m and c?
7
Suppose -5*y + 6 = -4*y. Let s(l) = -l**3 + 23*l**2 + 3. Let r be s(23). Suppose 0 = -14*d - r*d + 34. What is the greatest common divisor of y and d?
2
Let t(m) be the first derivative of -17*m**2/2 - 64*m - 13. Let p be t(-5). What is the highest common factor of p and 35?
7
Let k(p) = -9*p**2 - 52*p + 9. Let m be k(-5). Suppose 22*h - 4*f = 21*h + m, 4*f - 148 = -5*h. Calculate the highest common factor of 4 and h.
4
Suppose -j - 3*f = -120, 3*j - 2*f - 231 = 74. What is the highest common factor of j and 15?
15
Let b = -20 + 50. Let k = -1560 - -1569. What is the highest common divisor of k and b?
3
Let r be (332400/(-15))/(-20)*17/2. Calculate the greatest common divisor of 68 and r.
34
Let z(q) = q**2 - 40*q - 1628. Let j be z(68). What is the greatest common divisor of 4278 and j?
138
Let p be (50 + 0)/(6/24). Let w = -100 + p. Let s be (675/63)/(2/14). Calculate the greatest common divisor of w and s.
25
Let n(t) = 29*t + 3780. Let q be n(24). What is the highest common factor of 12 and q?
12
Let j be 16/(-1 - -3) + 0. Let s = 698 + -694. Suppose 0 = s*i, 0*i - 3*i - j = -d. What is the highest common divisor of d and 8?
8
Let l(v) = 2*v**3 + 12*v**2 - 108*v + 72. Let k be l(7). Calculate the greatest common factor of 190 and k.
10
Let p(u) = 15 - u**2 - 20 - 8*u**2 + 11*u + 2*u**3. Let w be p(8). What is the greatest common divisor of 9 and w?
9
Suppose 0 = -91*s + 84*s + 1301*s - 217392. Let w be 36/